b*t. Calculate q(t).
-8
Let z(y) = -2*y**3 - 3*y**2 - 14*y - 8. Let w(d) = -d**3 - d**2 - 7*d - 4. Let r(k) = 11*w(k) - 6*z(k). What is r(-6)?
-2
Suppose 3*h = h + 22. Suppose 0 = 9*s - h*s - 8. Let a(w) be the third derivative of w**5/60 + w**4/8 + w**3/3 - w**2. What is a(s)?
6
Let i(t) be the third derivative of 0 + 5/24*t**4 + 0*t**3 + 8*t**2 + 0*t. What is i(-2)?
-10
Suppose -4*b + 1 + 7 = 0. Let l(f) be the first derivative of -1/2*f**2 - 1/3*f**3 + 2*f + b. What is l(0)?
2
Let o(s) = -2*s**2 - 3. Let p(j) = 5*j**2 + j + 7. Let d be (4 - (0 - 17))/3. Let b(v) = d*o(v) + 3*p(v). Determine b(-5).
10
Suppose 0 = -3*d - 6, 0*n + d = 2*n + 6. Let c(r) = 2*r - 1. Let l(h) = 3 + 1 + 0 + h - 8*h. Let t(i) = 22*c(i) + 6*l(i). Give t(n).
-6
Let a(v) = v**3 + 4*v**2 + 4. Let y be a(-4). Suppose 0 = 5*j - y - 1. Let r(p) = -3 + 0 - p**3 + 4. Determine r(j).
0
Let r(s) be the third derivative of -s**6/360 - s**5/30 + s**4/24 + s**3 + 5*s**2. Let t(a) be the first derivative of r(a). Determine t(-6).
-11
Let a(m) = -m**3 + 7*m**2 + 7*m + 11. Let i(t) = t**3 + 2*t**2 - 5*t - 2. Let w be i(-2). Calculate a(w).
3
Let a(s) = -3*s - 7. Let f(q) = 7*q + 14. Let w(h) = 9*a(h) + 4*f(h). Suppose -u = -0*u - 6. Determine w(u).
-1
Let f(z) be the first derivative of -z**4/12 + 2*z**3/3 - 2*z**2 - 3*z + 6. Let s(a) be the first derivative of f(a). Give s(4).
-4
Let c(u) = 5*u**2 - 6*u - 1. Let a(s) = -s**3 + s**2 + 1. Let p(o) = o - 1. Let q be p(2). Let x(b) = q*c(b) - a(b). Suppose -25 = -0*y + 5*y. Calculate x(y).
3
Let v(j) be the second derivative of -j**7/840 - j**6/180 + j**5/60 + j**4/24 + j**3/2 + j. Let x(q) be the second derivative of v(q). Calculate x(-2).
-3
Let c(a) be the third derivative of -a**4/8 + a**3 + 10*a**2. Give c(4).
-6
Let s = -104 + 99. Let c(t) = t**2 + 5*t - 5. What is c(s)?
-5
Let i be (-1)/(-3) + (-16)/3. Let z(f) = -2*f + 1. Give z(i).
11
Let q(o) = 8 + o + 0 + 4. Let y(v) = v**3 - 2*v**2. Let l be y(2). What is q(l)?
12
Suppose 8 = c - 0*c. Let s(t) = -t**3 + 8*t**2 - 7. Determine s(c).
-7
Let b = 28 + -28. Let x(p) be the first derivative of p**3/3 + p**2/2 + 5*p + 1. Calculate x(b).
5
Let c(w) be the third derivative of w**5/60 - 16*w**2. Calculate c(-1).
1
Let n(z) = 11*z + 11. Let w(v) = 5*v + 5. Let f(q) = 4*n(q) - 9*w(q). Give f(7).
-8
Let s(a) = -a**3 + 5*a**2 - 4*a + 6. Let f = 10 + -6. Let c be s(f). Suppose c*d = 4*d. Let r(w) = -w + 6. What is r(d)?
6
Let f(c) = -c**2 - 6*c + 1. Let n be 1 - (-1)/((-3)/(-12)). Suppose 0 = n*i - 3*i, -y - i = 4. Determine f(y).
9
Let t be (-1)/(((-2)/10)/1). Let j(v) = -3*v - 7. Let h(z) = -2*z - 4. Let l(w) = t*h(w) - 3*j(w). Give l(5).
-4
Let s be 2*((-105)/(-6))/7. Let t(u) = -u**2 + 7*u + 3. Calculate t(s).
13
Let f(n) = n. Let i be f(-2). Let b(u) = u + 195 + u - 192. Determine b(i).
-1
Let q(t) = 4*t + 1. Let z(c) = c. Let a(f) = q(f) - 5*z(f). Calculate a(-3).
4
Let c(a) = -a**2 + 4*a - 3. Let m(r) = -r**2 + 5*r - 5. Let h be m(6). Let t = 14 + h. What is c(t)?
0
Suppose r = 6*r - 5. Suppose -6 = -6*y + 3*y. Let m(x) = -3 + 0 + 12*x**y + 2. Determine m(r).
11
Let o(t) be the second derivative of t**4/12 - t**3/2 - 2*t**2 + 2*t. Let q = 32 + -28. What is o(q)?
0
Suppose 3*k + 5*c = 12 + 11, 0 = 2*c - 8. Let p(n) = -3 - k + 3*n - 4*n - 1. Determine p(-4).
-1
Let h(a) = 3*a**3 - 2*a**2 + 6. Let f(v) = -15 + 10 + 0*v**3 - 2*v**3 + v**2. Let b(x) = -4*f(x) - 3*h(x). Determine b(3).
-7
Let v(l) = l + 6. Suppose 16 = 6*i - 2*i. Suppose 0 = -3*x - w + 13, x + x + i*w - 22 = 0. Suppose 35 - 8 = -3*r - x*a, 2*r + 2 = 2*a. Calculate v(r).
1
Let r(k) = -k - 4. Let z = -6 - -28. Suppose 0 = 4*c + 42 - z. Give r(c).
1
Let x(f) = f + 1. Let b(z) = -z - 1. Let y(t) = b(t) + 2*x(t). Let n = 24 + -19. Give y(n).
6
Let h(d) = -d**2 + 4*d - 1. Let m be h(3). Let t be 1/(-2) - 1/m. Let c(f) = -5*f**3 + f**2 - 1. Calculate c(t).
5
Let l(r) = -r**2 - 5*r + 16. Let t be l(2). Let o(c) = 2*c + 2 - 3 + c. Give o(t).
5
Let k(g) = -15*g**2 + 23*g - 12. Let i(j) = -7*j**2 + 11*j - 6. Let c(r) = 13*i(r) - 6*k(r). Let v(z) = -2*z**3 - 22*z**2 + 6. Let t be v(-11). Give c(t).
-12
Let w = 12 - 0. Let c = -14 + w. Let q(b) = b**3 + 2*b**2 + 2*b - 2. Calculate q(c).
-6
Let g be 18/(-8) + 69/(-92). Let b(a) = -6*a - 3. Let k = 16 - 22. Let s(q) = 2*q + 1. Let c(r) = k*b(r) - 17*s(r). Calculate c(g).
-5
Let a(l) = l + 10. Let r be a(-10). Suppose -4 + r = -4*d. Let h(w) = -13*w**3 - w**2 + 2*w - 1. Calculate h(d).
-13
Suppose -7 + 1 = 2*g. Let a(u) be the second derivative of -u**4/12 - u**3/3 - u**2/2 + 29*u. Calculate a(g).
-4
Let x(c) = -4*c**3 - c**2 + 8*c - 1. Let w(r) = 7*r**3 + r**2 - 15*r + 3. Let v(h) = -3*w(h) - 5*x(h). Let u = 3 - 0. Give v(u).
2
Let m(o) be the first derivative of -8 + 1/2*o**2 - 4*o. What is m(-3)?
-7
Let o(w) = w**3 - 3*w**2 - 2*w - 4. Suppose 5 = -5*h + 20. What is o(h)?
-10
Let z(x) = x**2 + 3*x**2 + x**2 - 11 - x - 4*x**2. Calculate z(0).
-11
Let m(h) = 0 + 0 + h**3 - 2*h**2 - h - 4*h**2. Give m(6).
-6
Let i(v) = v**3 + 10*v**2 - 7*v - 3. Let p(f) = 3*f + 2 + 4*f**2 - f**3 - 11*f**2 + 2*f. Let d(x) = -5*i(x) - 7*p(x). What is d(1)?
2
Suppose 0*z = 4*z - 16. Let k(f) = 0*f**2 + z + 5*f - 1 + f**2. Determine k(-3).
-3
Suppose 2*y = 2 + 4. Let x(p) = -1 + p**3 + 3*p**3 + 0 - 3*p**y - 2*p. What is x(-2)?
-5
Let n(t) be the third derivative of t**5/60 + t**4/8 - t**3/2 + 3*t**2. Let q be (-2)/(-9) + 376/(-72). Calculate n(q).
7
Let l = 116 + -114. Suppose 2*q - v = -0*q + 25, 4*v = -3*q + 32. Suppose -l*u - 2*u = -q. Let i(s) = -s + 5. Calculate i(u).
2
Let f = 16 + -13. Let o(t) = t**2 - 4*t - 3. Determine o(f).
-6
Let x(o) = o**3 + 6*o**2 - 7*o - 3. Let l be x(-7). Let g = 4 + l. Let n(m) = -1 + g + 5 + 0 - 3*m. Determine n(4).
-7
Let z(p) = -12*p + p**2 - 11*p + 28*p. Let f = -8 + 4. Give z(f).
-4
Suppose 14 = -2*l + 4*w, -2 = l - 3*w + 2*w. Let o(y) be the third derivative of -5*y**4/24 + y**3/2 + 35*y**2. Give o(l).
-12
Let z(k) = k**3 + 3*k - 3*k + 2. Suppose 0 = 5*o + 3*p + 10, 3*o + 5*p + 2 = 2*o. Calculate z(o).
-6
Suppose -7 = -k - b, 5*k = 2*b + 16 + 5. Suppose 0 = 2*w + 4*j - 10, 3 = k*w - j + 11. Let t(o) = -13*o**2 - 2*o - 1. Determine t(w).
-12
Let k(u) = -6*u + 1. Let x(d) = -13*d + 2. Let a(h) = -5*k(h) + 3*x(h). What is a(-3)?
28
Suppose -2*v = -v - 4*b + 10, -2*b = -2*v + 4. Let x(o) = o**2 - o - 8. Calculate x(v).
22
Let j(l) = -l**3 + 50 - l - 2*l**2 - 91 + 42. Give j(-2).
3
Let t(f) = -f. Let o be t(-4). Suppose 3*d - 3 = 0, -o*h = -0*h + 4*d - 16. Let x(m) = m**3 - 3*m**2 - 3*m + 1. Calculate x(h).
-8
Let g(l) = l**3 + 2*l**2 + 2*l - 2. Let c(y) = -5 + 4 - 2 + y. Let o be c(5). Suppose b = -0*b - o. Determine g(b).
-6
Suppose 8 = 2*k - 0*k. Let h(r) = r**3 - 5*r**2 + 5*r - 5. Calculate h(k).
-1
Let v(l) = 6*l - 3*l + 1 + 4*l**2 - 3*l**2 - 6*l. Let z be (-4)/(-1) - (4 - 2). What is v(z)?
-1
Let m(c) = c + 8. Let i(z) = -z**3 - 18*z**2 + z + 18. Let t be i(-18). Determine m(t).
8
Let w(m) be the second derivative of -m**5/20 - 7*m**4/12 - 4*m**3/3 + 3*m**2 - 10*m. Calculate w(-6).
18
Let f(v) be the third derivative of 1/60*v**5 + 1/24*v**4 + 0 + 0*v**3 + 0*v - 8*v**2. Determine f(2).
6
Let m(q) = -q**3 + q + 1. Let y(h) = -2*h**3 - 4*h**2 + 6*h - 5. Let g(c) = m(c) - y(c). Calculate g(-5).
6
Let h(c) = c**2 - 2*c - 1. Let l be h(3). Let r be l*1 + (5 - 1). Let k(j) = j**3 - 5*j**2 - 9*j + 7. Give k(r).
-11
Suppose 5*f + 30 = -2*k, 0 = 2*k - 3*k. Let i(s) = s**2 + 5*s - 2. Calculate i(f).
4
Let w(z) = -2*z**2 + 5*z - 1. Let p = -1 + 5. Determine w(p).
-13
Let g(k) = -k**3 - 1. Let m(s) = s**2 + 6*s + 8. Let o be m(-6). Suppose 0 = 4*i - o*i. Let u = i + -1. What is g(u)?
0
Let p(l) = l**3 - 7*l**2 + 8*l - 9. Let y = 98 - 68. Let x = 16 - y. Let b = -8 - x. Calculate p(b).
3
Let u be (-2)/(-30)*33 - 2/10. Let r(o) = -o**3 + o**2 - 2*o + 3. Determine r(u).
-5
Let t be 9/6*4*-3. Let b = -13 - t. Let f(u) be the third derivative of -u**4/24 + 2*u**3 + u**2. Calculate f(b).
7
Let v = 9 + -7. Suppose 0 = v*p + 2*p. Let u(d) = d**2 + d. Determine u(p).
0
Let j = 4 + -7. Let b(x) = x**2 + 3*x. Give b(j).
0
Let k(n) = -7*n**3 - 7*n**2 - 5*n + 12. Let p(m) = 13*m**3 + 13*m**2 + 9*m - 23. Let z(s) = -11*k(s) - 6*p(s). Determine z(0).
6
Let v be -2 + 0 + 6 + 1. Let c(b) be 